1/2*p**2 - 1/3*p**3 - 5 - 7*p. What are the prime factors of g(5)?
23
Let x be 19 - (2 - (-1 + 1)). Let n = x - 10. Suppose n*s - 9*s + 22 = 0. What are the prime factors of s?
11
Let z be (-9 + 3)*(-26)/6. Let n = -70 + z. List the prime factors of (n/(-6))/(15/45).
2, 11
Suppose 2*l + 34 - 7 = 5*x, 5*l - 48 = -4*x. Suppose 2*b = 4*p + 52, 0 = 3*b + 5*p - x*p - 58. Let z = 34 - b. What are the prime factors of z?
2, 3
Let q(i) = -3*i - 3. Let r be q(-2). Suppose 0 = 2*c - 3*c + r. What are the prime factors of (58/6)/(1/c)?
29
Let h(q) = 5 + 318*q**3 - 317*q**3 + 9*q - q + 10*q**2. List the prime factors of h(-5).
2, 3, 5
Suppose 0*y - 3 = -y. Let b be 4 + -4 + (73 - -5). Suppose -3*i = -b + y. What are the prime factors of i?
5
Let b(q) = -18*q**2 + 24*q + 3 + 6*q**3 - 5*q**3 - 17. List the prime factors of b(17).
3, 5, 7
Let v(c) be the first derivative of c**4 + c**3/3 + 3*c**2/2 - 2*c - 3. What are the prime factors of v(2)?
2, 5
Let k be 4/8 - 107/(-2). Let s = -20 + k. Suppose -m - 11 + s = 0. List the prime factors of m.
23
List the prime factors of (786/(-8))/(2*(-7)/448).
2, 3, 131
Suppose 3843 = 5*p + 2*d, -2*p + 4*d + 874 = -644. List the prime factors of p.
13, 59
Let o = -134 + 28. Let b = o + 162. List the prime factors of b.
2, 7
What are the prime factors of (-1170)/(-7)*(-1)/((-7)/49)?
2, 3, 5, 13
Suppose 0 = -4*k - 8. List the prime factors of 2 + 0 + (70 - 3) + k.
67
Let y = -636 - -1360. List the prime factors of y.
2, 181
Let w(p) = -p**3 + 9*p**2 + 2*p - 12. Let i be w(9). Suppose 6 = i*d - 3*d. List the prime factors of (d*1)/(24/156).
13
Suppose -2*u = 8, 270 = -4*r - 4*u + 1598. List the prime factors of r.
2, 3, 7
Suppose 2*t = -4*j + 3*j, 3*j = -4*t - 2. What are the prime factors of -1 - t/(3/(-48))?
3, 5
Suppose 2*s = 4*o + 4*s - 4170, -3*o + 5*s + 3108 = 0. List the prime factors of o.
3, 347
Let o(k) = -k**3 + 4*k**2 + 4. Let t be o(4). What are the prime factors of 0 + t - 4 - 98/(-1)?
2, 7
Suppose 35*a - 7*a = 18816. What are the prime factors of a?
2, 3, 7
Let o(v) be the first derivative of v**4/4 - v**3/3 + v**2 + 3*v + 10. What are the prime factors of o(0)?
3
Let z(d) = 2*d**2 - 19*d - 67. List the prime factors of z(-9).
2, 7, 19
Suppose -2*m = d - 265, 4*d + 3*m = 3*d + 270. List the prime factors of d.
3, 5, 17
Let b = 152 - 148. Suppose -3*s + 0*s = 5*p - 654, -218 = -s - b*p. What are the prime factors of s?
2, 109
Let l be -83*3 + (1 - -2). Let s = -140 - l. List the prime factors of s.
2, 53
Let i(f) be the third derivative of 0*f + 1/24*f**4 + 0 + 0*f**3 + 1/30*f**5 + 2*f**2. What are the prime factors of i(-3)?
3, 5
Let j(k) = 14*k - 67. List the prime factors of j(10).
73
Let z = -657 - -3893. List the prime factors of z.
2, 809
Let c = -2402 + 3714. What are the prime factors of c?
2, 41
Let b be 75/125 + (-1434)/(-10). Suppose -6*i = -10*i + b. List the prime factors of i.
2, 3
Suppose 11 = -2*h + 4*h - l, -l - 15 = -3*h. Suppose 0 = q - h. Suppose -4*i + 12 = q. What are the prime factors of i?
2
What are the prime factors of (-17706)/(-10) + 5 + 112/(-20)?
2, 3, 5, 59
Let n be -3*1 + 19 + 125. Let d = 253 - n. What are the prime factors of d?
2, 7
Let l be 10/(2 - 4)*43/(-5). Suppose 41*p + 366 = l*p. List the prime factors of p.
3, 61
Suppose 5*j - k = -3*k + 171, 2*k - 66 = -2*j. What are the prime factors of j?
5, 7
Suppose -2 = -b, 3*h + 0*h + 2*b - 1783 = 0. List the prime factors of h.
593
Let v(s) = -s**2 + 17*s + 33. Let m be v(19). What are the prime factors of (4 + 1)*m/(5/(-6))?
2, 3, 5
Let a(v) = -4*v**3 + 2*v**2 - 4*v - 6. What are the prime factors of a(-5)?
2, 3, 47
Suppose 854*v - 28624 = 846*v. List the prime factors of v.
2, 1789
Let u(a) = 9*a**2 + 5*a. List the prime factors of u(2).
2, 23
Suppose 3*x - 156 = -x. Suppose 4*z - 102 = 5*o + 54, o = z - x. What are the prime factors of z?
3, 13
What are the prime factors of ((-600)/200)/(2/(-8836)*3)?
2, 47
Suppose 4 = 2*o + 5*x, 0*x = 3*o - 5*x + 44. Let j(d) be the second derivative of -d**3/6 + 7*d**2/2 - 6*d. List the prime factors of j(o).
3, 5
Let u(h) = h**3 + 11*h**2 - 12*h + 2. Let k = 18 + -30. Let a be u(k). Suppose -3*j - 304 = -8*j + 4*q, a*q + 122 = 2*j. What are the prime factors of j?
2, 3, 5
Suppose -5*h + 0 + 25 = d, -4*d + 20 = 0. Let z = 0 + h. Suppose 146 = 3*l - z*n + 11, 3*n - 196 = -5*l. List the prime factors of l.
41
Let n be (-4)/5*(-5 + 0). Suppose 0 = 2*m + 6, n*m - 7 = -5*j - 4. Suppose 0 = -g - j + 5. List the prime factors of g.
2
Let s be (-5)/3 - (-7)/(-21). Let p = s - 4. Let b(x) = x**2 + 4*x. What are the prime factors of b(p)?
2, 3
Let f(q) = q**3 + 15*q**2 + 28*q - 4. Let r be f(-13). Let j(u) = u**2 + 5*u - 2. Let a be j(-7). List the prime factors of a/r + 74/10.
7
Suppose 4 = 4*l, 0 = -4*z + 7*l - 6*l + 12187. What are the prime factors of z?
11, 277
Let j(k) = 53*k**2 + k + 2. Let y be j(-1). Suppose y*z - 50*z - 692 = 0. List the prime factors of z.
173
Let v be (-18)/(-4) + ((-9)/(-6) - 1). Suppose 3 = -n, 0 = v*u + n + 2*n - 11. List the prime factors of u.
2
Suppose 0 = 8*o - 27*o + 12426. List the prime factors of o.
2, 3, 109
Let j = -81 + -1848. List the prime factors of (j/18)/(-1) + 6/(-36).
107
Suppose 3*l = 6, 3*b + 5*l = 3*l - 20. Let k be b/(-20) - 274/10. List the prime factors of k/6*(3 + -5).
3
Let d(g) = 139*g - 391. What are the prime factors of d(3)?
2, 13
Suppose 0 = 15*j - 12*j. Suppose -3*q + q = -3*c + 192, -2*q = j. What are the prime factors of c?
2
Suppose 3*y + 5*x = -651, 5*y + 2*x + 1543 = 477. List the prime factors of (y/8)/(2/(-12)).
3, 53
List the prime factors of (-88)/(-2) - (-7 - -3).
2, 3
Suppose -3*i - 4*c + 32 = -4*i, -85 = 5*i - 5*c. List the prime factors of ((-2246)/i)/1 + (-5)/30.
11, 17
Let b(r) = r**2 - 13*r + 17. Let k be b(16). Suppose 65 = 5*w + 3*o, 5*w + o + 0*o - k = 0. What are the prime factors of w?
13
Suppose 4*f = v + 30, v - 15 = -3*f - 2*v. Let l(h) = 7*h + 0 - 3 - 8. What are the prime factors of l(f)?
2, 19
Suppose 10*p = 17796 + 3464. What are the prime factors of p?
2, 1063
Let i be -5*(48/10)/(-6). Suppose -y - i = -2*s + 6, -3*s + 15 = -y. Suppose -219 = -3*m - 0*m + s*j, -5*m + 2*j = -346. What are the prime factors of m?
2, 17
Let o(m) = -107*m - 69. List the prime factors of o(-1).
2, 19
Suppose -3*s + 2 = -4*k, 3*s - 5*s + 8 = 4*k. Suppose 2*n = -k + 17. What are the prime factors of n?
2
Suppose -43*k = -75*k + 41408. What are the prime factors of k?
2, 647
Let d = 429 - 17. List the prime factors of d.
2, 103
Let y = 36 - 36. Let v be y + 7 - (3 + -7). What are the prime factors of 73 + 1 - (v - 12)?
3, 5
Suppose -5*r + 256 = h - 216, 0 = 4*r - 8. List the prime factors of h.
2, 3, 7, 11
Let c = -2 + 23. Suppose 4*x - c = 15. Suppose x = 3*j - 2*j. List the prime factors of j.
3
Let q(w) be the second derivative of 7*w**3/3 - 5*w**2/2 - 5*w. List the prime factors of q(4).
3, 17
Let g = 3313 - 1935. List the prime factors of g.
2, 13, 53
Let u be (2/5)/(13/(-260)). Let i(l) = -l + 4. List the prime factors of i(u).
2, 3
List the prime factors of (1 - 382)*15/(405/(-36)).
2, 127
Let t = 171 - -37. What are the prime factors of t?
2, 13
Suppose 15*l - 17*l = 0. Let k be 9 - 8 - (l + -1). List the prime factors of ((-559)/39)/(k/(-6)).
43
Let g = 494 - 68. What are the prime factors of g?
2, 3, 71
Suppose 3*l + 1009 - 2731 = 0. What are the prime factors of l?
2, 7, 41
Let q be (-1086)/14 - 24/56. Let v = -6 - q. What are the prime factors of v?
2, 3
Let w(i) = -i**3 - 14*i**2 + 17*i - 27. Let q be w(-15). Suppose j = 20 - 108. Let t = q - j. What are the prime factors of t?
31
Let c = 372 + -232. What are the prime factors of c?
2, 5, 7
Suppose -2*v - 2*p = -14, 2*v + 4*p = 4 + 2. Suppose -2*o = -31 + v. List the prime factors of o.
2, 5
Suppose 20*m - 11*m = 0. Suppose m = 5*c - 144 - 271. What are the prime factors of c?
83
Let x = -4 + -11. Let t = -12 - x. Let v(r) = 7*r**2 - r - 4. What are the prime factors of v(t)?
2, 7
Let a(p) = 2*p + 56. List the prime factors of a(-8).
2, 5
Let p(f) = 3*f**2 + 13*f - 21. Suppose 0 = 7*y - 87 + 24. Let c(b) = -13*b**2 - 53*b + 85. Let n(i) = y*p(i) + 2*c(i). What are the prime factors of n(-13)?
7
Let s = -32 - 0. Let l(f) = -f**2 - 16. Let z be l(0). Let h = z - s. L